i**2 + 5 - 7 - 147*i**2 + 19. Determine c(0).
17
Suppose -4*b - 33 = k, 2*b - 2*k = 3*b + 3. Let t(i) = -i**3 - 10*i**2 - 7*i + 14. Let o be t(b). Let z(p) = -p**3 - 3*p**2 + 5*p - 2. Give z(o).
-6
Let s(i) = -i + 9 - 2*i + 6*i + 38. Give s(-14).
5
Let f(j) = -10*j**2 + 5*j - 28. Let x(u) = -4*u**2 + 2*u - 14. Let a(l) = -3*f(l) + 7*x(l). Let w(s) be the first derivative of a(s). Calculate w(-1).
-5
Let p(m) = -4*m**2 + 30*m - 1. Let w be p(7). Let f(t) = -t**3 + 13*t**2 - t + 19. Calculate f(w).
6
Let y(k) be the first derivative of 3*k**2/2 - k - 1. Let s be 0 - (12 + -3 - 11). Let q be y(s). Let c(p) = p**2 - 7*p + 1. Determine c(q).
-9
Let p(i) = i. Let o(z) = -5*z - 1. Let x(r) = o(r) + 3*p(r). Give x(-9).
17
Let o be (-1)/(-1 - (-40)/35). Let y(i) = 2*i + 3. Give y(o).
-11
Let u(c) = c**2 - 2*c + 2. Suppose 2*j = -j + 72. Suppose -64 = -8*y - j. Suppose -y*g = 7 + 8. Give u(g).
17
Suppose 3*q - 10 - 14 = 0. Let y(x) = -q + 7 + 5*x + 4. Let m be (-32)/18 + (-4)/18. Determine y(m).
-7
Let b(j) be the third derivative of j**5/60 + 3*j**4/8 + j**3/2 - 53*j**2 + 1. Give b(-8).
-5
Let r = -12 - -15. Suppose 0 = -4*m - 5*k + 7, -r*m + 5*k = 2*m - 20. Let t(z) = -z**2 + 7*z**m - 10*z**3 - 5*z + 2*z**3 - 2 + 6*z**2. Give t(4).
-6
Let c(j) = -16*j - 16*j + 4 + j**3 + 38*j - 10*j + 3*j**2. Suppose 3 = -3*o, -5*o - 83 - 22 = -5*b. Suppose 8*y - 3*y + b = 0. Give c(y).
4
Suppose 3*m + 4 = 22. Let g be -8 - 2*(-9)/m. Let l(z) = -z + 11. Let r(c) = -c + 1. Let d(b) = -l(b) + 2*r(b). Determine d(g).
-4
Let m be (2 - ((-3 - 3) + 3)) + 1. Let n be 1/(-3) + 2/m. Let x(h) = 3 + 1 + h**2 - h + 3*h**3 - 2*h**3. Calculate x(n).
4
Let g(y) = y**2 + 3*y + 2. Let z(d) = d**3 - 7*d**2 - 7*d + 2. Let c be z(8). Let m be ((-8)/c)/((14/5)/7). What is g(m)?
0
Let a(d) be the second derivative of -d**8/6720 + d**7/2520 + d**6/240 - d**5/120 + 5*d**4/12 + 17*d. Let j(y) be the third derivative of a(y). Calculate j(2).
1
Suppose q - 5*m + 26 = 0, 0 = -q - 2*m + m - 2. Let l be q/(-45) + 14/(-105). Let a(b) = -b**3 - b + 14 + 4*b**2 - 7*b**2 + 2*b**2 + l*b**3. Calculate a(0).
14
Let m(l) = -l**2 - 5*l - 6. Let o(a) = 2 + a**2 + 4*a + 1 + 2. Suppose -2*k - 5*i + 8 = 0, k - 2 = -4*i + 2. Let p(r) = k*m(r) + 5*o(r). Give p(2).
5
Let d(k) be the first derivative of -k**3/3 + 9*k**2/2 - 6*k - 2. Suppose 8*y - 3*y - 40 = 0. What is d(y)?
2
Let i(v) be the third derivative of v**4/4 + v**3 + 260*v**2. Calculate i(5).
36
Let b(d) = -d**3 + 4*d**2 + 7*d - 6. Let s(q) = -2*q**3 + 6*q**2 + 10*q - 6. Let a(g) = -3*b(g) + 2*s(g). Let w(o) = o + 1. Let z be w(-1). Calculate a(z).
6
Let o(y) be the first derivative of -y**3/3 + 4*y**2 - y + 2. Let l be (-7 - -1 - -7) + (2 - -1). Calculate o(l).
15
Let o be (48/(-6) + 0)/2. Let d(n) = -4*n - 5. Give d(o).
11
Let n(k) = -3*k. Let l = 467 - 475. Determine n(l).
24
Let l(b) = -3*b + 5 - 3 + 6*b + b**2 - 10*b. Suppose -3*y = d - 22, 3*d - 40 = -4*y - d. Let v be l(y). Let c(q) = -2*q - 5. Give c(v).
3
Let t(g) = g**2 - 2*g - 1. Let l = -48 + 50. Suppose -5*s - 3 + 2 = -l*m, -2*m - 3*s - 7 = 0. What is t(m)?
7
Let v(p) = -p**2 + 29*p - 16. Let h(f) = 28*f - 21*f + 1 - 5. Let w(q) = 9*h(q) - 2*v(q). Give w(-4).
8
Let x = 14 + -10. Let h(y) = 4*y**2 + 10 - y**3 + 0 - 5*y - 5. Give h(x).
-15
Suppose -4 = 4*o + 4. Let f(w) = 7 - w - 2*w**2 - 6 + 3*w**2 - 3. What is f(o)?
4
Suppose 0 = -7*a - 6*a + 169. Suppose a*l - 25 - 1 = 0. Let j(x) = 6*x + 2. What is j(l)?
14
Suppose -3*p - p = 4. Let a = p - -3. Let n(l) = -5*l**2 + 5*l + 5. Let g(d) = 6*d**2 - 6*d - 6. Let b(o) = 6*g(o) + 7*n(o). Determine b(a).
1
Let v(p) = -7*p + 4 - 4*p - 1 + 16*p. Give v(-2).
-7
Let m(y) = -7*y - 60. Let f be m(-8). Let c(v) = -v**3 - 5*v**2 - 4*v - 1. What is c(f)?
-1
Let s(v) be the first derivative of v**5/60 + 5*v**4/24 - 4*v**3/3 - 4*v**2 + 9. Let c(k) be the second derivative of s(k). Let q = 12 - 18. Give c(q).
-2
Let m be (4/(-6))/((-12)/(-126)). Suppose i - 5*r - 17 = -0*i, 0 = 4*i + 2*r - 2. Let g(n) = -i*n + n - 1 + 1 - 9. Calculate g(m).
-2
Let a(v) = -v**2 + 9*v - 16. Suppose -113 = -40*t + 87. Give a(t).
4
Let g be (96/(-10))/(18/(-60)). Let f = g + -32. Let p(q) = -q**2 + 3. Determine p(f).
3
Let h(q) be the second derivative of q**4/12 - 4*q**3/3 + q**2 - q - 66. Calculate h(4).
-14
Let v(n) be the first derivative of -n**3/6 + 5*n**2/2 - 11*n - 15. Let p(m) be the first derivative of v(m). What is p(7)?
-2
Let k(i) = -2*i. Let d(j) = -j. Let w be d(-2). Suppose l + w = 7. Give k(l).
-10
Let q(b) = 20 - 11 - 4 - b**2. Give q(3).
-4
Let u(z) = -z**3 - 3*z**2 + 9*z + 13. Suppose -5*q + 2 = -3*q, 4*d + 2*q = -14. Determine u(d).
-7
Let q = -294 + 286. Let v(g) = 2*g + 10. What is v(q)?
-6
Let l(y) be the third derivative of y**5/60 + y**4/4 + y**3/2 - 120*y**2 + 2*y. Let r(a) = a**3 + 5*a**2 - 5*a. Let z be r(-6). Determine l(z).
3
Let t(h) = 3*h + 4. Let w be (-9)/45 + 88/(-10). Let m(r) = r**3 + 9*r**2 - r - 10. Let y be m(w). Let q be ((-3 - -15)/4)/y. Calculate t(q).
-5
Let o(h) = -h**3 + 3*h**2 + h - 7. Let c be o(4). Let q = 22 + c. Let s(x) = -x**3 + 3*x**2 + 2*x - 3. Determine s(q).
3
Let i = -16 + 12. Let o = i - -10. Let g be 3/1 + o/2. Let a(n) = n**2 - 7*n + 4. Determine a(g).
-2
Let t(w) be the first derivative of 3*w**2 + 3*w - 17. What is t(-3)?
-15
Let j(d) be the first derivative of -d**2 + 2*d + 288. Calculate j(-15).
32
Suppose 2*w + 0*w + g = 4, 5*w + 5*g - 20 = 0. Let a(n) = -30*n**3 - 3*n + 15*n**3 + w*n - 7 + 6*n**2 + 16*n**3. Determine a(-6).
11
Suppose 82 = 9*k - 7*k. Suppose 0 = 45*a - k*a + 4. Let w(o) = o + 1. Let y(x) = 4*x**2 - 3*x - 4. Let g(c) = 5*w(c) + y(c). What is g(a)?
3
Let w(j) = -153*j + 620. Let x be w(4). Let i(r) = r**3 - 7*r**2 - 9*r + 11. Calculate i(x).
3
Let f = 13 + -5. Suppose 0 = 3*k - f + 5. Suppose -k = 2*g - 5. Let i(x) = -x. Determine i(g).
-2
Let b(l) = l**3 - l**2 - 2*l - 2. Suppose 11*a - 7*a + 16 = 0. Let x = a + 7. Determine b(x).
10
Let j(c) = -c**3 - 6*c**2 - 2*c + 2. Let n(z) = -11*z + 7 + 2*z - 25*z**2 - 10*z**3 + 6*z**3. Let g(s) = -9*j(s) + 2*n(s). Calculate g(-4).
-4
Let s(u) = -3*u - 8. Let x be s(-7). Let z = -13 + x. Let i(p) = z*p - p + 5*p - 1 - 8*p. Calculate i(-2).
7
Let j be (65/(-10) - -5)/((-6)/4). Let l(h) = -5*h**2. Give l(j).
-5
Let x be (0 - (2 + -1))*-5. Suppose -x*y = 5*h + 20, 0*h - h = 2*y + 7. Let v(b) = 6*b - 1. What is v(h)?
-7
Let m(i) = -133*i**2 + 116*i + 144*i**2 - 115*i. Give m(-1).
10
Let w be (6/(-8))/(75/(-300)). Let v(r) be the first derivative of -2*r**4 - 1/3*r**3 + 0*r + w + 0*r**2. What is v(-1)?
7
Let c be 10/14 + (-4)/(-14). Suppose 9 = -2*p - p - 4*n, -4*p = n - c. Suppose 7 = u + p. Let o(l) = l - 1. Calculate o(u).
5
Let u(j) = j**3 - j**2 - 2*j + 4. Suppose -2*w + 14 = -5*b, w + 2*b + 2 = -0. What is u(w)?
4
Let g(k) = k**3 - 27*k**2 + k - 24. Let t be g(27). Let s(q) = 2*q**2 - q - 4. Calculate s(t).
11
Let c = -2302 - -2298. Let l(v) be the second derivative of -v**5/20 - v**4/3 - v**3/3 - 3*v**2/2 + 3*v. Give l(c).
5
Suppose 6*a - 10*a = -32. Let t(y) = -15 + a - y + y - y**3. What is t(0)?
-7
Let v(g) = 2*g**2 + g - 7. Let o(m) = 45*m - 93. Let b be o(2). Calculate v(b).
8
Let n(c) = -c + 1. Suppose -3*z + 10 = -2*f + 7*f, 3*f - 38 = -5*z. What is n(z)?
-9
Suppose -6 - 3 = -3*u. Let w(q) be the third derivative of -q**5/30 + q**4/12 + q**3/2 - 14*q**2. Determine w(u).
-9
Let z(r) be the first derivative of 3*r**2/2 + 68*r + 27. Determine z(-24).
-4
Let y = 4 - 4. Let o = 3 - y. Let v(g) = -g**o - 11 + 334*g**2 + g - 334*g**2. Determine v(0).
-11
Let t(m) = 27*m**3 + m - 1. Let s = 11 + -10. What is t(s)?
27
Let w = 10 + -10. Suppose w = v + 4*v. Let k(j) = j**3 - j**2 + 6. Determine k(v).
6
Let n = -554 + 564. Let t(k) = 2*k - 3. What is t(n)?
17
Let v be -1 - (-6)/24*(-5 + 1). Let i(y) be the third derivative of -1/120*y**6 + 0*y - 3*y**2 - 1/12*y**4 - 1/6*y**3 - 1/20*y**5 + 0. Give i(v).
-1
Suppose -4*y + 578 + 175 = 3*k, 251 = k + y. Let u(a) = k - 247 - a + 4*a. Let z(w) = -w**3 - 6*w**2 + w + 3. Let h be z(-6). Give u(h).
-5
Let i = -85 - -21. Let g = i + 42. Let z = g + 19. Let l(f) = -f**2 - 5*f + 1. What is l(z)?
7
Let x(f) = -10*f - 4. Suppose 577*h - 585*h - 40 = 0. What is x(h)?
46
Let y be (-2)/((-2)/4*-1). Let d be ((-14)/y)/((-4)